{"id":4542,"date":"2023-08-09T11:31:46","date_gmt":"2023-08-09T09:31:46","guid":{"rendered":"https:\/\/wordpress.vecurosoft.com\/kiddino\/?page_id=15"},"modified":"2026-01-12T11:46:58","modified_gmt":"2026-01-12T08:46:58","slug":"hakkimizda","status":"publish","type":"page","link":"https:\/\/brightlandcorp.com\/index.php\/hakkimizda\/","title":{"rendered":"Hakk\u0131m\u0131zda"},"content":{"rendered":"\t\t<div data-elementor-type=\"wp-page\" data-elementor-id=\"4542\" class=\"elementor elementor-4542\">\n\t\t\t\t\t\t<section class=\"elementor-section elementor-top-section elementor-element elementor-element-60d6e80 elementor-section-full_width elementor-section-height-default elementor-section-height-default\" data-id=\"60d6e80\" data-element_type=\"section\">\n\t\t\t\t\t\t<div class=\"elementor-container elementor-column-gap-no\">\n\t\t\t\t\t<div class=\"elementor-column elementor-col-100 elementor-top-column elementor-element elementor-element-8c3988b\" data-id=\"8c3988b\" data-element_type=\"column\">\n\t\t\t<div class=\"elementor-widget-wrap elementor-element-populated\">\n\t\t\t\t\t\t<section class=\"elementor-section elementor-inner-section elementor-element elementor-element-d9e04c8 elementor-section-content-middle elementor-reverse-tablet elementor-reverse-mobile elementor-section-boxed elementor-section-height-default elementor-section-height-default\" data-id=\"d9e04c8\" data-element_type=\"section\">\n\t\t\t\t\t\t<div class=\"elementor-container elementor-column-gap-no\">\n\t\t\t\t\t<div class=\"elementor-column elementor-col-50 elementor-inner-column elementor-element elementor-element-d894b40\" data-id=\"d894b40\" data-element_type=\"column\">\n\t\t\t<div class=\"elementor-widget-wrap elementor-element-populated\">\n\t\t\t\t\t\t<div class=\"elementor-element elementor-element-fd2a5ff elementor-widget elementor-widget-kiddinosectiontitle\" data-id=\"fd2a5ff\" data-element_type=\"widget\" data-widget_type=\"kiddinosectiontitle.default\">\n\t\t\t\t<div class=\"elementor-widget-container\">\n\t\t\t<!-- Section Title --><div class=\"title-area\" ><h2 class=\"sec-title title-selector\">Gelece\u011fi \u015eekillendiriyoruz<\/h2><p class=\"sec-text\">\"Fikirlerinizi daha iyi alternatiflerin oldu\u011fu bir d\u00fcnyaya a\u00e7\u0131n.\"\n\nBrightland, \u0130zmir, T\u00fcrkiye merkezli, e\u011fitim ve y\u00f6netim dan\u0131\u015fmanl\u0131\u011f\u0131 alan\u0131nda \u00f6nc\u00fc bir \u015firkettir. 2023 y\u0131l\u0131nda kurulan \u015firketimiz, k\u0131sa s\u00fcrede e\u011fitim y\u00f6netimi, kurumsal e\u011fitimler ve etkinlik organizasyonlar\u0131 alan\u0131nda kendini kan\u0131tlam\u0131\u015f ve sekt\u00f6rde \u00f6ne \u00e7\u0131kan bir isim haline gelmi\u015ftir.\n\n<\/p><\/div><!-- End Section Title -->\t\t<\/div>\n\t\t\t\t<\/div>\n\t\t\t\t\t<\/div>\n\t\t<\/div>\n\t\t\t\t<div class=\"elementor-column elementor-col-50 elementor-inner-column elementor-element elementor-element-f65ab9b\" data-id=\"f65ab9b\" data-element_type=\"column\">\n\t\t\t<div class=\"elementor-widget-wrap elementor-element-populated\">\n\t\t\t\t\t\t<div class=\"elementor-element elementor-element-cc43e1d elementor-widget elementor-widget-kiddinoimagebox\" data-id=\"cc43e1d\" data-element_type=\"widget\" data-widget_type=\"kiddinoimagebox.default\">\n\t\t\t\t<div class=\"elementor-widget-container\">\n\t\t\t\t\t<div class=\"img-box2 imagebox-wraper \">\r\n\t\t\t    <div class=\"transform-banner\">\n        <img decoding=\"async\" src=\"https:\/\/brightlandcorp.com\/wp-content\/uploads\/2024\/03\/danismanlik6-1.jpg\" alt=\"about\"  \/>    <\/div>\n<div class=\"vs-circle jump\"><\/div>\t\t<\/div>\r\n\t\t\t<\/div>\n\t\t\t\t<\/div>\n\t\t\t\t\t<\/div>\n\t\t<\/div>\n\t\t\t\t\t<\/div>\n\t\t<\/section>\n\t\t\t\t<section class=\"elementor-section elementor-inner-section elementor-element elementor-element-a0bda39 elementor-section-content-middle elementor-reverse-tablet elementor-reverse-mobile elementor-section-boxed elementor-section-height-default elementor-section-height-default\" data-id=\"a0bda39\" data-element_type=\"section\">\n\t\t\t\t\t\t<div class=\"elementor-container elementor-column-gap-no\">\n\t\t\t\t\t<div class=\"elementor-column elementor-col-50 elementor-inner-column elementor-element elementor-element-8372ba2\" data-id=\"8372ba2\" data-element_type=\"column\">\n\t\t\t<div class=\"elementor-widget-wrap elementor-element-populated\">\n\t\t\t\t\t\t<div class=\"elementor-element elementor-element-d9ffc53 elementor-widget elementor-widget-kiddinoimagebox\" data-id=\"d9ffc53\" data-element_type=\"widget\" data-widget_type=\"kiddinoimagebox.default\">\n\t\t\t\t<div class=\"elementor-widget-container\">\n\t\t\t\t\t<div class=\"img-box2 imagebox-wraper style2\">\r\n\t\t\t    <div class=\"transform-banner\">\n        <img decoding=\"async\" src=\"https:\/\/brightlandcorp.com\/wp-content\/uploads\/2024\/03\/danismanlik5.jpg\" alt=\"about\"  \/>    <\/div>\n<div class=\"vs-circle jump\"><\/div>\t\t<\/div>\r\n\t\t\t<\/div>\n\t\t\t\t<\/div>\n\t\t\t\t\t<\/div>\n\t\t<\/div>\n\t\t\t\t<div class=\"elementor-column elementor-col-50 elementor-inner-column elementor-element elementor-element-041fa05\" data-id=\"041fa05\" data-element_type=\"column\">\n\t\t\t<div class=\"elementor-widget-wrap elementor-element-populated\">\n\t\t\t\t\t\t<div class=\"elementor-element elementor-element-547fa1e elementor-widget elementor-widget-kiddinosectiontitle\" data-id=\"547fa1e\" data-element_type=\"widget\" data-widget_type=\"kiddinosectiontitle.default\">\n\t\t\t\t<div class=\"elementor-widget-container\">\n\t\t\t<!-- Section Title --><div class=\"title-area\" ><h2 class=\"sec-title title-selector\">Vizyonumuz - Misyonumuz<\/h2><p class=\"sec-text\">Brightland olarak amac\u0131m\u0131z, herkesin \"her zaman daha iyi bir yol\" oldu\u011funa inanarak, a\u00e7\u0131k fikirlilikle yakla\u015f\u0131mlar\u0131n\u0131 geni\u015fletmelerine yard\u0131mc\u0131 olmakt\u0131r. Bunu sa\u011flamak ad\u0131na, e\u011fitim ve y\u00f6netim dan\u0131\u015fmanl\u0131\u011f\u0131 alanlar\u0131nda yenilik\u00e7i ve s\u00fcrd\u00fcr\u00fclebilir \u00e7\u00f6z\u00fcmler sunuyoruz.\n\n\nGlobal bir etki yaratmay\u0131 hedefleyen Brightland, bireylerin ve kurumlar\u0131n potansiyellerini maksimize ederek, daha iyi yapman\u0131n yollar\u0131n\u0131 ke\u015ffetmelerine olanak sa\u011flamaktad\u0131r. Bunu, kaliteli ve etkili e\u011fitim programlar\u0131, dan\u0131\u015fmanl\u0131k hizmetleri ve \u00f6zelle\u015ftirilmi\u015f \u00e7\u00f6z\u00fcmler arac\u0131l\u0131\u011f\u0131yla ger\u00e7ekle\u015ftiriyoruz.<\/p><\/div><!-- End Section Title -->\t\t<\/div>\n\t\t\t\t<\/div>\n\t\t\t\t\t<\/div>\n\t\t<\/div>\n\t\t\t\t\t<\/div>\n\t\t<\/section>\n\t\t\t\t\t<\/div>\n\t\t<\/div>\n\t\t\t\t\t<\/div>\n\t\t<\/section>\n\t\t\t\t<section class=\"elementor-section elementor-top-section elementor-element elementor-element-59a68f2 elementor-section-full_width elementor-section-height-default elementor-section-height-default\" data-id=\"59a68f2\" data-element_type=\"section\">\n\t\t\t\t\t\t<div class=\"elementor-container elementor-column-gap-no\">\n\t\t\t\t\t<div class=\"elementor-column elementor-col-100 elementor-top-column elementor-element elementor-element-eb3f83f\" data-id=\"eb3f83f\" data-element_type=\"column\">\n\t\t\t<div class=\"elementor-widget-wrap elementor-element-populated\">\n\t\t\t\t\t\t<section class=\"elementor-section elementor-inner-section elementor-element elementor-element-6bc39b7 elementor-section-boxed elementor-section-height-default elementor-section-height-default\" data-id=\"6bc39b7\" data-element_type=\"section\">\n\t\t\t\t\t\t<div class=\"elementor-container elementor-column-gap-no\">\n\t\t\t\t\t<div class=\"elementor-column elementor-col-100 elementor-inner-column elementor-element elementor-element-f0c2e6b\" data-id=\"f0c2e6b\" data-element_type=\"column\">\n\t\t\t<div class=\"elementor-widget-wrap elementor-element-populated\">\n\t\t\t\t\t\t<div class=\"elementor-element elementor-element-2568ae3 elementor-widget elementor-widget-kiddinosectiontitle\" data-id=\"2568ae3\" data-element_type=\"widget\" data-widget_type=\"kiddinosectiontitle.default\">\n\t\t\t\t<div class=\"elementor-widget-container\">\n\t\t\t<!-- Section Title --><div class=\"title-area\" ><h2 class=\"sec-title title-selector\">Temel De\u011ferlerimiz<\/h2><\/div><!-- End Section Title -->\t\t<\/div>\n\t\t\t\t<\/div>\n\t\t\t\t\t<\/div>\n\t\t<\/div>\n\t\t\t\t\t<\/div>\n\t\t<\/section>\n\t\t\t\t<section class=\"elementor-section elementor-inner-section elementor-element elementor-element-8409813 elementor-section-boxed elementor-section-height-default elementor-section-height-default\" data-id=\"8409813\" data-element_type=\"section\">\n\t\t\t\t\t\t<div class=\"elementor-container elementor-column-gap-no\">\n\t\t\t\t\t<div class=\"elementor-column elementor-col-100 elementor-inner-column elementor-element elementor-element-b94e3d8\" data-id=\"b94e3d8\" data-element_type=\"column\">\n\t\t\t<div class=\"elementor-widget-wrap elementor-element-populated\">\n\t\t\t\t\t\t<div class=\"elementor-element elementor-element-7cfd8cd elementor-widget elementor-widget-kiddinohistorybox\" data-id=\"7cfd8cd\" data-element_type=\"widget\" data-widget_type=\"kiddinohistorybox.default\">\n\t\t\t\t<div class=\"elementor-widget-container\">\n\t\t\t        <div class=\"row\">\n                            <div class=\"col-md-6 col-xl-3 feature-style4\">\n                    <div class=\"feature-body\">\n                                                                            <h3 class=\"feature-title h5\">\n                                B\u00fct\u00fcnl\u00fck                            <\/h3>\n                                                                            <p class=\"feature-text\">\n                                Yenili\u011fe ve farkl\u0131 perspektiflere a\u00e7\u0131k bir zihniyet.                            <\/p>\n                                                                            <div class=\"feature-img\">\n                                <img decoding=\"async\" src=\"https:\/\/brightlandcorp.com\/wp-content\/uploads\/2024\/03\/danismanlik3.jpg\" alt=\"feature\"  \/>                            <\/div>\n                                            <\/div>\n                <\/div>\n                            <div class=\"col-md-6 col-xl-3 feature-style4\">\n                    <div class=\"feature-body\">\n                                                                            <h3 class=\"feature-title h5\">\n                                Adaptabilite                            <\/h3>\n                                                                            <p class=\"feature-text\">\n                                De\u011fi\u015fen ko\u015fullara ve ihtiya\u00e7lara h\u0131zl\u0131 bir \u015fekilde uyum sa\u011flama yetene\u011fi.                            <\/p>\n                                                                            <div class=\"feature-img\">\n                                <img decoding=\"async\" src=\"https:\/\/brightlandcorp.com\/wp-content\/uploads\/2024\/03\/danismanlik4.jpg\" alt=\"feature\"  \/>                            <\/div>\n                                            <\/div>\n                <\/div>\n                            <div class=\"col-md-6 col-xl-3 feature-style4\">\n                    <div class=\"feature-body\">\n                                                                            <h3 class=\"feature-title h5\">\n                                Grit (Azim)                            <\/h3>\n                                                                            <p class=\"feature-text\">\n                                Hedeflere ula\u015fmak i\u00e7in gereken kararl\u0131l\u0131k ve azim.                            <\/p>\n                                                                            <div class=\"feature-img\">\n                                <img decoding=\"async\" src=\"https:\/\/brightlandcorp.com\/wp-content\/uploads\/2024\/03\/danismanlik2.png\" alt=\"feature\"  \/>                            <\/div>\n                                            <\/div>\n                <\/div>\n                            <div class=\"col-md-6 col-xl-3 feature-style4\">\n                    <div class=\"feature-body\">\n                                                                            <h3 class=\"feature-title h5\">\n                                M\u00fckemmellik                            <\/h3>\n                                                                            <p class=\"feature-text\">\n                                Her alanda en y\u00fcksek standartlar\u0131 hedefleme.                            <\/p>\n                                                                            <div class=\"feature-img\">\n                                <img decoding=\"async\" src=\"https:\/\/brightlandcorp.com\/wp-content\/uploads\/2024\/03\/danismanlik1.png\" alt=\"feature\"  \/>                            <\/div>\n                                            <\/div>\n                <\/div>\n                    <\/div>\n\t\t\t<\/div>\n\t\t\t\t<\/div>\n\t\t\t\t\t<\/div>\n\t\t<\/div>\n\t\t\t\t\t<\/div>\n\t\t<\/section>\n\t\t\t\t\t<\/div>\n\t\t<\/div>\n\t\t\t\t\t<\/div>\n\t\t<\/section>\n\t\t\t\t<section class=\"elementor-section elementor-top-section elementor-element elementor-element-e385e8b elementor-section-full_width elementor-section-height-default elementor-section-height-default\" data-id=\"e385e8b\" data-element_type=\"section\">\n\t\t\t\t\t\t<div class=\"elementor-container elementor-column-gap-no\">\n\t\t\t\t\t<div class=\"elementor-column elementor-col-100 elementor-top-column elementor-element elementor-element-9768f3e\" data-id=\"9768f3e\" data-element_type=\"column\">\n\t\t\t<div class=\"elementor-widget-wrap elementor-element-populated\">\n\t\t\t\t\t\t<section class=\"elementor-section elementor-inner-section elementor-element elementor-element-2095983 elementor-section-boxed elementor-section-height-default elementor-section-height-default\" data-id=\"2095983\" data-element_type=\"section\">\n\t\t\t\t\t\t<div class=\"elementor-container elementor-column-gap-no\">\n\t\t\t\t\t<div class=\"elementor-column elementor-col-100 elementor-inner-column elementor-element elementor-element-8256726\" data-id=\"8256726\" data-element_type=\"column\">\n\t\t\t<div class=\"elementor-widget-wrap elementor-element-populated\">\n\t\t\t\t\t\t<div class=\"elementor-element elementor-element-d50502e elementor-widget elementor-widget-kiddinosectiontitle\" data-id=\"d50502e\" data-element_type=\"widget\" data-widget_type=\"kiddinosectiontitle.default\">\n\t\t\t\t<div class=\"elementor-widget-container\">\n\t\t\t<!-- Section Title --><div class=\"title-area\" ><h2 class=\"sec-title title-selector\">Follow @Instagram<\/h2><\/div><!-- End Section Title -->\t\t<\/div>\n\t\t\t\t<\/div>\n\t\t\t\t\t<\/div>\n\t\t<\/div>\n\t\t\t\t\t<\/div>\n\t\t<\/section>\n\t\t\t\t<section class=\"elementor-section elementor-inner-section elementor-element elementor-element-2f1446f elementor-section-boxed elementor-section-height-default elementor-section-height-default\" data-id=\"2f1446f\" data-element_type=\"section\">\n\t\t\t\t\t\t<div class=\"elementor-container elementor-column-gap-no\">\n\t\t\t\t\t<div class=\"elementor-column elementor-col-100 elementor-inner-column elementor-element elementor-element-9eee52c\" data-id=\"9eee52c\" data-element_type=\"column\">\n\t\t\t<div class=\"elementor-widget-wrap elementor-element-populated\">\n\t\t\t\t\t\t<div class=\"elementor-element elementor-element-8fbc887 elementor-widget elementor-widget-kiddinomasonrygallery\" data-id=\"8fbc887\" data-element_type=\"widget\" data-settings=\"{&quot;per_line&quot;:&quot;3&quot;,&quot;per_line_tablet&quot;:&quot;6&quot;,&quot;per_line_mobile&quot;:&quot;12&quot;,&quot;gride_gap&quot;:&quot;gx-40&quot;}\" data-widget_type=\"kiddinomasonrygallery.default\">\n\t\t\t\t<div class=\"elementor-widget-container\">\n\t\t\t\t\t<div class=\"row gallery-carousel gx-40\" data-slide-to-show=\"6\" data-slider-speed=\"10000\" data-slick-autoplay=\"true\">\n\t\t\t\t\t\t\t<div  class=\"col-xl-3 col-md-6 col-sm-12 filter-item\">\n\t\t\t\t\t\t\t\t\t\t\t<div class=\"gallery-style1 \">\n            <div class=\"gallery-img\">\n            <img decoding=\"async\" src=\"https:\/\/brightlandcorp.com\/wp-content\/uploads\/2024\/03\/danismanlik6-1.jpg\" alt=\"gallery\"  \/>            <a href=\"https:\/\/brightlandcorp.com\/wp-content\/uploads\/2024\/03\/danismanlik6-1.jpg\" class=\"gallery-btn popup-image\">\n                <i class=\"far fa-plus\"><\/i>\n            <\/a>\n        <\/div>\n    <\/div>\t\t\t\t\t\t\t\t\t<\/div>\n\t\t\t\t\t\t\t<div  class=\"col-xl-3 col-md-6 col-sm-12 filter-item\">\n\t\t\t\t\t\t\t\t\t\t\t<div class=\"gallery-style1 \">\n            <div class=\"gallery-img\">\n            <img decoding=\"async\" src=\"https:\/\/brightlandcorp.com\/wp-content\/uploads\/2024\/03\/danismanlik6.jpg\" alt=\"gallery\"  \/>            <a href=\"https:\/\/brightlandcorp.com\/wp-content\/uploads\/2024\/03\/danismanlik6.jpg\" class=\"gallery-btn popup-image\">\n                <i class=\"far fa-plus\"><\/i>\n            <\/a>\n        <\/div>\n    <\/div>\t\t\t\t\t\t\t\t\t<\/div>\n\t\t\t\t\t\t\t<div  class=\"col-xl-3 col-md-6 col-sm-12 filter-item\">\n\t\t\t\t\t\t\t\t\t\t\t<div class=\"gallery-style1 \">\n            <div class=\"gallery-img\">\n            <img decoding=\"async\" src=\"https:\/\/brightlandcorp.com\/wp-content\/uploads\/2024\/03\/danismanlik5.jpg\" alt=\"gallery\"  \/>            <a href=\"https:\/\/brightlandcorp.com\/wp-content\/uploads\/2024\/03\/danismanlik5.jpg\" class=\"gallery-btn popup-image\">\n                <i class=\"far fa-plus\"><\/i>\n            <\/a>\n        <\/div>\n    <\/div>\t\t\t\t\t\t\t\t\t<\/div>\n\t\t\t\t\t\t\t<div  class=\"col-xl-3 col-md-6 col-sm-12 filter-item\">\n\t\t\t\t\t\t\t\t\t\t\t<div class=\"gallery-style1 \">\n            <div class=\"gallery-img\">\n            <img decoding=\"async\" src=\"https:\/\/brightlandcorp.com\/wp-content\/uploads\/2024\/03\/danismanlik4.jpg\" alt=\"gallery\"  \/>            <a href=\"https:\/\/brightlandcorp.com\/wp-content\/uploads\/2024\/03\/danismanlik4.jpg\" class=\"gallery-btn popup-image\">\n                <i class=\"far fa-plus\"><\/i>\n            <\/a>\n        <\/div>\n    <\/div>\t\t\t\t\t\t\t\t\t<\/div>\n\t\t\t\t\t\t\t<div  class=\"col-xl-3 col-md-6 col-sm-12 filter-item\">\n\t\t\t\t\t\t\t\t\t\t\t<div class=\"gallery-style1 \">\n            <div class=\"gallery-img\">\n            <img decoding=\"async\" src=\"https:\/\/brightlandcorp.com\/wp-content\/uploads\/2024\/03\/danismanlik2.png\" alt=\"gallery\"  \/>            <a href=\"https:\/\/brightlandcorp.com\/wp-content\/uploads\/2024\/03\/danismanlik2.png\" class=\"gallery-btn popup-image\">\n                <i class=\"far fa-plus\"><\/i>\n            <\/a>\n        <\/div>\n    <\/div>\t\t\t\t\t\t\t\t\t<\/div>\n\t\t\t\t\t\t\t<div  class=\"col-xl-3 col-md-6 col-sm-12 filter-item\">\n\t\t\t\t\t\t\t\t\t\t\t<div class=\"gallery-style1 \">\n            <div class=\"gallery-img\">\n            <img decoding=\"async\" src=\"https:\/\/brightlandcorp.com\/wp-content\/uploads\/2024\/03\/danismanlik1.png\" alt=\"gallery\"  \/>            <a href=\"https:\/\/brightlandcorp.com\/wp-content\/uploads\/2024\/03\/danismanlik1.png\" class=\"gallery-btn popup-image\">\n                <i class=\"far fa-plus\"><\/i>\n            <\/a>\n        <\/div>\n    <\/div>\t\t\t\t\t\t\t\t\t<\/div>\n\t\t\t\t\t<\/div>\n\t\t\t\t<\/div>\n\t\t\t\t<\/div>\n\t\t\t\t\t<\/div>\n\t\t<\/div>\n\t\t\t\t\t<\/div>\n\t\t<\/section>\n\t\t\t\t\t<\/div>\n\t\t<\/div>\n\t\t\t\t\t<\/div>\n\t\t<\/section>\n\t\t\t\t<\/div>\n\t\t","protected":false},"excerpt":{"rendered":"<p>Gelece\u011fi \u015eekillendiriyoruz &#8220;Fikirlerinizi daha iyi alternatiflerin oldu\u011fu bir d\u00fcnyaya a\u00e7\u0131n.&#8221; Brightland, \u0130zmir, T\u00fcrkiye merkezli, e\u011fitim ve y\u00f6netim dan\u0131\u015fmanl\u0131\u011f\u0131 alan\u0131nda \u00f6nc\u00fc bir \u015firkettir. 2023 y\u0131l\u0131nda kurulan \u015firketimiz, k\u0131sa s\u00fcrede e\u011fitim y\u00f6netimi, kurumsal e\u011fitimler ve etkinlik organizasyonlar\u0131 alan\u0131nda kendini kan\u0131tlam\u0131\u015f ve sekt\u00f6rde \u00f6ne \u00e7\u0131kan bir isim haline gelmi\u015ftir. Vizyonumuz &#8211; Misyonumuz Brightland olarak amac\u0131m\u0131z, herkesin &#8220;her zaman&#8230;<\/p>\n","protected":false},"author":1,"featured_media":0,"parent":0,"menu_order":0,"comment_status":"closed","ping_status":"closed","template":"elementor_header_footer","meta":{"footnotes":""},"class_list":["post-4542","page","type-page","status-publish","hentry"],"_links":{"self":[{"href":"https:\/\/brightlandcorp.com\/index.php\/wp-json\/wp\/v2\/pages\/4542","targetHints":{"allow":["GET"]}}],"collection":[{"href":"https:\/\/brightlandcorp.com\/index.php\/wp-json\/wp\/v2\/pages"}],"about":[{"href":"https:\/\/brightlandcorp.com\/index.php\/wp-json\/wp\/v2\/types\/page"}],"author":[{"embeddable":true,"href":"https:\/\/brightlandcorp.com\/index.php\/wp-json\/wp\/v2\/users\/1"}],"replies":[{"embeddable":true,"href":"https:\/\/brightlandcorp.com\/index.php\/wp-json\/wp\/v2\/comments?post=4542"}],"version-history":[{"count":17,"href":"https:\/\/brightlandcorp.com\/index.php\/wp-json\/wp\/v2\/pages\/4542\/revisions"}],"predecessor-version":[{"id":4912,"href":"https:\/\/brightlandcorp.com\/index.php\/wp-json\/wp\/v2\/pages\/4542\/revisions\/4912"}],"wp:attachment":[{"href":"https:\/\/brightlandcorp.com\/index.php\/wp-json\/wp\/v2\/media?parent=4542"}],"curies":[{"name":"wp","href":"https:\/\/api.w.org\/{rel}","templated":true}]}}