{"id":4808,"date":"2024-09-13T13:56:00","date_gmt":"2024-09-13T10:56:00","guid":{"rendered":"https:\/\/brightlandcorp.com\/?page_id=4808"},"modified":"2024-09-13T13:59:23","modified_gmt":"2024-09-13T10:59:23","slug":"corporate-company-english-master-class-onsite","status":"publish","type":"page","link":"https:\/\/brightlandcorp.com\/index.php\/corporate-company-english-master-class-onsite\/","title":{"rendered":"Corporate\/Company English Master\u00a0Class\u00a0(\u00a0Onsite)"},"content":{"rendered":"\t\t<div data-elementor-type=\"wp-page\" data-elementor-id=\"4808\" class=\"elementor elementor-4808\">\n\t\t\t\t\t\t<section class=\"elementor-section elementor-top-section elementor-element elementor-element-f5e2c8e elementor-section-full_width elementor-section-height-default elementor-section-height-default\" data-id=\"f5e2c8e\" data-element_type=\"section\">\n\t\t\t\t\t\t<div class=\"elementor-container elementor-column-gap-no\">\n\t\t\t\t\t<div class=\"elementor-column elementor-col-100 elementor-top-column elementor-element elementor-element-63fe0be\" data-id=\"63fe0be\" data-element_type=\"column\">\n\t\t\t<div class=\"elementor-widget-wrap elementor-element-populated\">\n\t\t\t\t\t\t<section class=\"elementor-section elementor-inner-section elementor-element elementor-element-ded65de elementor-section-content-middle elementor-section-boxed elementor-section-height-default elementor-section-height-default\" data-id=\"ded65de\" data-element_type=\"section\">\n\t\t\t\t\t\t<div class=\"elementor-container elementor-column-gap-no\">\n\t\t\t\t\t<div class=\"elementor-column elementor-col-50 elementor-inner-column elementor-element elementor-element-31851a0\" data-id=\"31851a0\" data-element_type=\"column\">\n\t\t\t<div class=\"elementor-widget-wrap elementor-element-populated\">\n\t\t\t\t\t\t<div class=\"elementor-element elementor-element-1a61412 elementor-widget elementor-widget-heading\" data-id=\"1a61412\" data-element_type=\"widget\" data-widget_type=\"heading.default\">\n\t\t\t\t<div class=\"elementor-widget-container\">\n\t\t\t<style>\/*! elementor - v3.20.0 - 26-03-2024 *\/\n.elementor-heading-title{padding:0;margin:0;line-height:1}.elementor-widget-heading .elementor-heading-title[class*=elementor-size-]>a{color:inherit;font-size:inherit;line-height:inherit}.elementor-widget-heading .elementor-heading-title.elementor-size-small{font-size:15px}.elementor-widget-heading .elementor-heading-title.elementor-size-medium{font-size:19px}.elementor-widget-heading .elementor-heading-title.elementor-size-large{font-size:29px}.elementor-widget-heading .elementor-heading-title.elementor-size-xl{font-size:39px}.elementor-widget-heading .elementor-heading-title.elementor-size-xxl{font-size:59px}<\/style><h1 class=\"elementor-heading-title elementor-size-default\">Y\u00f6netici D\u00fczeyi Network \u0130ngilizce Master S\u0131n\u0131f\u0131<\/h1>\t\t<\/div>\n\t\t\t\t<\/div>\n\t\t\t\t<div class=\"elementor-element elementor-element-479e9cc elementor-widget elementor-widget-text-editor\" data-id=\"479e9cc\" data-element_type=\"widget\" data-widget_type=\"text-editor.default\">\n\t\t\t\t<div class=\"elementor-widget-container\">\n\t\t\t<style>\/*! elementor - v3.20.0 - 26-03-2024 *\/\n.elementor-widget-text-editor.elementor-drop-cap-view-stacked .elementor-drop-cap{background-color:#69727d;color:#fff}.elementor-widget-text-editor.elementor-drop-cap-view-framed .elementor-drop-cap{color:#69727d;border:3px solid;background-color:transparent}.elementor-widget-text-editor:not(.elementor-drop-cap-view-default) .elementor-drop-cap{margin-top:8px}.elementor-widget-text-editor:not(.elementor-drop-cap-view-default) .elementor-drop-cap-letter{width:1em;height:1em}.elementor-widget-text-editor .elementor-drop-cap{float:left;text-align:center;line-height:1;font-size:50px}.elementor-widget-text-editor .elementor-drop-cap-letter{display:inline-block}<\/style>\t\t\t\t<div class=\"title-divider2\"><\/div>\t\t\t\t\t\t<\/div>\n\t\t\t\t<\/div>\n\t\t\t\t<div class=\"elementor-element elementor-element-d1592cc elementor-widget elementor-widget-text-editor\" data-id=\"d1592cc\" data-element_type=\"widget\" data-widget_type=\"text-editor.default\">\n\t\t\t\t<div class=\"elementor-widget-container\">\n\t\t\t\t\t\t\t<p>CEO&#8217;lar, y\u00f6neticiler ve i\u015f d\u00fcnyas\u0131 liderleri i\u00e7in \u00f6zel olarak tasarlanm\u0131\u015f bu e\u011fitim program\u0131 ile \u0130ngilizce i\u015fletme becerilerinizi geli\u015ftirin, liderlik ve global i\u015f stratejileri \u00fczerine derinlemesine bilgi edinin.<\/p>\t\t\t\t\t\t<\/div>\n\t\t\t\t<\/div>\n\t\t\t\t<div class=\"elementor-element elementor-element-b070028 elementor-widget-tablet__width-initial elementor-widget elementor-widget-kiddinochecklist\" data-id=\"b070028\" data-element_type=\"widget\" data-widget_type=\"kiddinochecklist.default\">\n\t\t\t\t<div class=\"elementor-widget-container\">\n\t\t\t            <div class=\"row justify-content-center justify-content-xl-start \">\n\t\t\t\t<div class=\"col-auto\">\n\t\t\t\t\t<div class=\"list-style1\">\n\t\t\t\t\t\t<ul class=\"list-unstyled\">\n\t\t\t\t\t\t\t\t\t\t\t\t\t\t\t<li>E\u011fitim \u0130\u00e7eri\u011fi: \u0130\u015f \u0130ngilizcesi, liderlik becerileri ve global i\u015f stratejileri.<\/li>\n\t\t\t\t\t\t\t\t\t\t\t\t\t\t\t<li>\u00d6\u011frenme Y\u00f6ntemi: \u0130nteraktif \u00f6\u011frenme deneyimleri, oyunlar ve rehberli sohbetler.<\/li>\n\t\t\t\t\t\t\t\t\t\t\t\t\t\t\t<li>Kontenjan ve Sertifika Bilgisi: Her s\u0131n\u0131f s\u0131n\u0131rl\u0131 say\u0131da kat\u0131l\u0131mc\u0131 kabul edilecek ve program\u0131 tamamlayan her kat\u0131l\u0131mc\u0131ya uluslararas\u0131 ge\u00e7erli bir sertifika verilecek.<\/li>\n\t\t\t\t\t\t\t\t\t\t\t\t\t<\/ul>\n\t\t\t\t\t<\/div>\n\t\t\t\t<\/div>\n            <\/div>\n        \t\t<\/div>\n\t\t\t\t<\/div>\n\t\t\t\t\t<\/div>\n\t\t<\/div>\n\t\t\t\t<div class=\"elementor-column elementor-col-50 elementor-inner-column elementor-element elementor-element-d4fa0ce\" data-id=\"d4fa0ce\" data-element_type=\"column\">\n\t\t\t<div class=\"elementor-widget-wrap elementor-element-populated\">\n\t\t\t\t\t\t<div class=\"elementor-element elementor-element-7e506e2 elementor-widget elementor-widget-kiddinoimagebox\" data-id=\"7e506e2\" data-element_type=\"widget\" data-widget_type=\"kiddinoimagebox.default\">\n\t\t\t\t<div class=\"elementor-widget-container\">\n\t\t\t\t\t<div class=\"img-box7 imagebox-wraper \">\r\n\t\t\t    <div class=\"mega-hover\">\n        <img decoding=\"async\" src=\"https:\/\/brightlandcorp.com\/wp-content\/uploads\/2024\/05\/businesswoman-raising-hand-in-business-seminar-in-2023-11-27-05-25-59-utc-scaled.jpg\" alt=\"teacher\"  class=\"w-100\" \/>    <\/div>\n\t\t<\/div>\r\n\t\t\t<\/div>\n\t\t\t\t<\/div>\n\t\t\t\t\t<\/div>\n\t\t<\/div>\n\t\t\t\t\t<\/div>\n\t\t<\/section>\n\t\t\t\t<section class=\"elementor-section elementor-inner-section elementor-element elementor-element-decf8d3 elementor-section-content-middle elementor-section-boxed elementor-section-height-default elementor-section-height-default\" data-id=\"decf8d3\" data-element_type=\"section\">\n\t\t\t\t\t\t<div class=\"elementor-container elementor-column-gap-no\">\n\t\t\t\t\t<div class=\"elementor-column elementor-col-100 elementor-inner-column elementor-element elementor-element-0e5688a\" data-id=\"0e5688a\" data-element_type=\"column\">\n\t\t\t<div class=\"elementor-widget-wrap elementor-element-populated\">\n\t\t\t\t\t\t<div class=\"elementor-element elementor-element-c6639c8 elementor-widget elementor-widget-text-editor\" data-id=\"c6639c8\" data-element_type=\"widget\" data-widget_type=\"text-editor.default\">\n\t\t\t\t<div class=\"elementor-widget-container\">\n\t\t\t\t\t\t\t<div class=\"title-divider2\"><\/div>\t\t\t\t\t\t<\/div>\n\t\t\t\t<\/div>\n\t\t\t\t<div class=\"elementor-element elementor-element-8dc010b elementor-widget elementor-widget-heading\" data-id=\"8dc010b\" data-element_type=\"widget\" data-widget_type=\"heading.default\">\n\t\t\t\t<div class=\"elementor-widget-container\">\n\t\t\t<h1 class=\"elementor-heading-title elementor-size-default\">Y\u00f6netici D\u00fczeyi Network \u0130ngilizce Master S\u0131n\u0131f\u0131 Kay\u0131t Formu    \n( \u015eirketler \u0130\u00e7in )\n\n<\/h1>\t\t<\/div>\n\t\t\t\t<\/div>\n\t\t\t\t<div class=\"elementor-element elementor-element-2682c15 elementor-widget elementor-widget-shortcode\" data-id=\"2682c15\" data-element_type=\"widget\" data-widget_type=\"shortcode.default\">\n\t\t\t\t<div class=\"elementor-widget-container\">\n\t\t\t\t\t<div class=\"elementor-shortcode\">\n<div class=\"wpcf7 no-js\" id=\"wpcf7-f4810-o1\" lang=\"tr-TR\" dir=\"ltr\">\n<div class=\"screen-reader-response\"><p role=\"status\" aria-live=\"polite\" aria-atomic=\"true\"><\/p> <ul><\/ul><\/div>\n<form action=\"\/index.php\/wp-json\/wp\/v2\/pages\/4808#wpcf7-f4810-o1\" method=\"post\" class=\"wpcf7-form init\" aria-label=\"Contact form\" novalidate=\"novalidate\" data-status=\"init\">\n<div style=\"display: none;\">\n<input type=\"hidden\" name=\"_wpcf7\" value=\"4810\" \/>\n<input type=\"hidden\" name=\"_wpcf7_version\" value=\"5.9.3\" \/>\n<input type=\"hidden\" name=\"_wpcf7_locale\" value=\"tr_TR\" \/>\n<input type=\"hidden\" name=\"_wpcf7_unit_tag\" value=\"wpcf7-f4810-o1\" \/>\n<input type=\"hidden\" name=\"_wpcf7_container_post\" value=\"0\" \/>\n<input type=\"hidden\" name=\"_wpcf7_posted_data_hash\" value=\"\" \/>\n<\/div>\n<p><span class=\"wpcf7-form-control-wrap\" data-name=\"sirket-adi\"><input size=\"40\" class=\"wpcf7-form-control wpcf7-text wpcf7-validates-as-required\" aria-required=\"true\" aria-invalid=\"false\" placeholder=\"\u015eirket Ad\u0131\" value=\"\" type=\"text\" name=\"sirket-adi\" \/><\/span><\/p>\n<p><span class=\"wpcf7-form-control-wrap\" data-name=\"telefon\"><input size=\"40\" class=\"wpcf7-form-control wpcf7-tel wpcf7-validates-as-required wpcf7-text wpcf7-validates-as-tel\" aria-required=\"true\" aria-invalid=\"false\" placeholder=\"Telefon Numaras\u0131\" value=\"\" type=\"tel\" name=\"telefon\" \/><\/span><\/p>\n<p><span class=\"wpcf7-form-control-wrap\" data-name=\"eposta\"><input size=\"40\" class=\"wpcf7-form-control wpcf7-email wpcf7-validates-as-required wpcf7-text wpcf7-validates-as-email\" aria-required=\"true\" aria-invalid=\"false\" placeholder=\"E-posta Adresi\" value=\"\" type=\"email\" name=\"eposta\" \/><\/span><\/p>\n\n<p><strong>\u015eirket Vizyonu:<\/strong><\/p>\n<span class=\"wpcf7-form-control-wrap\" data-name=\"sirket-vizyonu\"><textarea cols=\"40\" rows=\"10\" class=\"wpcf7-form-control wpcf7-textarea wpcf7-validates-as-required\" aria-required=\"true\" aria-invalid=\"false\" placeholder=\"\u015eirket Vizyonu\" name=\"sirket-vizyonu\"><\/textarea><\/span>\n\n<p><strong>\u015eirket Misyonu:<\/strong><\/p>\n<span class=\"wpcf7-form-control-wrap\" data-name=\"sirket-misyonu\"><textarea cols=\"40\" rows=\"10\" class=\"wpcf7-form-control wpcf7-textarea wpcf7-validates-as-required\" aria-required=\"true\" aria-invalid=\"false\" placeholder=\"\u015eirket Misyonu\" name=\"sirket-misyonu\"><\/textarea><\/span>\n\n<p><strong>\u015eirketin Temel De\u011ferleri:<\/strong><\/p>\n<span class=\"wpcf7-form-control-wrap\" data-name=\"temel-degerler\"><textarea cols=\"40\" rows=\"10\" class=\"wpcf7-form-control wpcf7-textarea wpcf7-validates-as-required\" aria-required=\"true\" aria-invalid=\"false\" placeholder=\"\u015eirketin Temel De\u011ferleri\" name=\"temel-degerler\"><\/textarea><\/span>\n\n<p><strong>Personelinizin Bu Kursa Kayd\u0131 \u0130\u00e7in Ama\u00e7 ve Gerek\u00e7eyi Belirtin:<\/strong><\/p>\n<span class=\"wpcf7-form-control-wrap\" data-name=\"kayit-amaci\"><textarea cols=\"40\" rows=\"10\" class=\"wpcf7-form-control wpcf7-textarea wpcf7-validates-as-required\" aria-required=\"true\" aria-invalid=\"false\" placeholder=\"Personelinizin Bu Kursa Kayd\u0131 \u0130\u00e7in Ama\u00e7 ve Gerek\u00e7eyi Belirtin\" name=\"kayit-amaci\"><\/textarea><\/span>\n\n<p><strong>Kat\u0131l\u0131mc\u0131 Say\u0131s\u0131:<\/strong><\/p>\n<span class=\"wpcf7-form-control-wrap\" data-name=\"katilimci-sayisi\"><input size=\"40\" class=\"wpcf7-form-control wpcf7-text wpcf7-validates-as-required\" aria-required=\"true\" aria-invalid=\"false\" placeholder=\"Kat\u0131l\u0131mc\u0131 Say\u0131s\u0131\" value=\"\" type=\"text\" name=\"katilimci-sayisi\" \/><\/span>\n\n<p><strong>Kat\u0131l\u0131mc\u0131lar\u0131n \u0130sim ve Pozisyonlar\u0131:<\/strong><\/p>\n<span class=\"wpcf7-form-control-wrap\" data-name=\"katilimci-isimleri\"><textarea cols=\"40\" rows=\"10\" class=\"wpcf7-form-control wpcf7-textarea wpcf7-validates-as-required\" aria-required=\"true\" aria-invalid=\"false\" placeholder=\"Kat\u0131l\u0131mc\u0131lar\u0131n \u0130sim ve Pozisyonlar\u0131\" name=\"katilimci-isimleri\"><\/textarea><\/span>\n\n<p><strong>T\u00fcm Online Dersler A\u015fa\u011f\u0131daki \u015eekilde D\u00fczenlenmi\u015ftir:<\/strong><\/p>\n<span class=\"wpcf7-form-control-wrap\" data-name=\"online-dersler\"><select class=\"wpcf7-form-control wpcf7-select wpcf7-validates-as-required\" aria-required=\"true\" aria-invalid=\"false\" name=\"online-dersler\"><option value=\"6-10 Ki\u015filik Grup: Ayl\u0131k 28,450 TL - 5 Ders\">6-10 Ki\u015filik Grup: Ayl\u0131k 28,450 TL - 5 Ders<\/option><option value=\"3-5 Ki\u015filik Grup: Ayl\u0131k 32,450 TL - 5 Ders\">3-5 Ki\u015filik Grup: Ayl\u0131k 32,450 TL - 5 Ders<\/option><\/select><\/span>\n  \n<p><input class=\"wpcf7-form-control wpcf7-submit has-spinner\" type=\"submit\" value=\"G\u00f6nder\" \/><\/p><div class=\"wpcf7-response-output\" aria-hidden=\"true\"><\/div>\n<\/form>\n<\/div>\n<\/div>\n\t\t\t\t<\/div>\n\t\t\t\t<\/div>\n\t\t\t\t\t<\/div>\n\t\t<\/div>\n\t\t\t\t\t<\/div>\n\t\t<\/section>\n\t\t\t\t\t<\/div>\n\t\t<\/div>\n\t\t\t\t\t<\/div>\n\t\t<\/section>\n\t\t\t\t<\/div>\n\t\t","protected":false},"excerpt":{"rendered":"<p>Y\u00f6netici D\u00fczeyi Network \u0130ngilizce Master S\u0131n\u0131f\u0131 CEO&#8217;lar, y\u00f6neticiler ve i\u015f d\u00fcnyas\u0131 liderleri i\u00e7in \u00f6zel olarak tasarlanm\u0131\u015f bu e\u011fitim program\u0131 ile \u0130ngilizce i\u015fletme becerilerinizi geli\u015ftirin, liderlik ve global i\u015f stratejileri \u00fczerine derinlemesine bilgi edinin. E\u011fitim \u0130\u00e7eri\u011fi: \u0130\u015f \u0130ngilizcesi, liderlik becerileri ve global i\u015f stratejileri. \u00d6\u011frenme Y\u00f6ntemi: \u0130nteraktif \u00f6\u011frenme deneyimleri, oyunlar ve rehberli sohbetler. Kontenjan ve Sertifika&#8230;<\/p>\n","protected":false},"author":1,"featured_media":0,"parent":0,"menu_order":0,"comment_status":"closed","ping_status":"closed","template":"elementor_header_footer","meta":{"footnotes":""},"class_list":["post-4808","page","type-page","status-publish","hentry"],"_links":{"self":[{"href":"https:\/\/brightlandcorp.com\/index.php\/wp-json\/wp\/v2\/pages\/4808","targetHints":{"allow":["GET"]}}],"collection":[{"href":"https:\/\/brightlandcorp.com\/index.php\/wp-json\/wp\/v2\/pages"}],"about":[{"href":"https:\/\/brightlandcorp.com\/index.php\/wp-json\/wp\/v2\/types\/page"}],"author":[{"embeddable":true,"href":"https:\/\/brightlandcorp.com\/index.php\/wp-json\/wp\/v2\/users\/1"}],"replies":[{"embeddable":true,"href":"https:\/\/brightlandcorp.com\/index.php\/wp-json\/wp\/v2\/comments?post=4808"}],"version-history":[{"count":4,"href":"https:\/\/brightlandcorp.com\/index.php\/wp-json\/wp\/v2\/pages\/4808\/revisions"}],"predecessor-version":[{"id":4814,"href":"https:\/\/brightlandcorp.com\/index.php\/wp-json\/wp\/v2\/pages\/4808\/revisions\/4814"}],"wp:attachment":[{"href":"https:\/\/brightlandcorp.com\/index.php\/wp-json\/wp\/v2\/media?parent=4808"}],"curies":[{"name":"wp","href":"https:\/\/api.w.org\/{rel}","templated":true}]}}